What is the remainder when 3588 is divided by i(-14)?
18
Suppose -3036 = -2*c - 2*x, -13*c = -16*c - 8*x + 4549. Calculate the remainder when c is divided by 76.
75
Let n be (12/15)/(1/240). Calculate the remainder when n/9*-3*-2 is divided by (-2)/5 + (-335)/(-25).
11
Suppose -5*q = -4*d + 39, -19*d - 3*q + 47 = -15*d. Suppose -363 = -d*p - 77. Calculate the remainder when p is divided by 5.
1
Let c be (0 - 7 - -3)*17. Let k = c + 99. What is the remainder when k is divided by 19?
12
Let q(j) = -3*j**2 + 28*j. Let b be q(10). Calculate the remainder when 21 is divided by b - -20 - (-14 + 1 + 1).
9
Suppose 12 = 4*u - 4. Suppose u + 526 = -5*x. Let v = x - -119. What is the remainder when v is divided by 1?
0
Let u be -1 + 3 - (0 - 1). Suppose u*h - 45 = -3*n, n + 3 = h - 10. Calculate the remainder when ((-2)/2 + -1)/((-48)/1224) is divided by h.
9
Let f(m) = m**2 - m - 10. Let k be f(-15). Suppose k = 5*p + 70. Let l(q) = q**3 - 5*q**2 - 4*q. What is the remainder when p is divided by l(6)?
8
Suppose -w - 2 = -1. What is the remainder when (w + 267/6)*(3 - 1) is divided by 10?
7
Let n = 467 - 180. Let g be 1/3 + n/3. What is the remainder when 222/(-4)*g/(-72) is divided by 27?
20
Let p = -266 + 494. Suppose 6*b - 25*b + p = 0. Calculate the remainder when 31 is divided by b.
7
Let s = 33584 - 26404. Calculate the remainder when s is divided by 31.
19
Let h be 20 + -24 + (-14)/(-2). Let z be -4 - (-837)/(0 + h). Let v = z + -114. What is the remainder when v is divided by 41?
38
Let w = -161 + -330. Let n = w - -533. What is the remainder when n is divided by 29?
13
Let j = 131 - -728. Calculate the remainder when j is divided by 12.
7
Let o(a) = -2*a**3 + 1. Let z(v) = 13*v**3 + 7*v**2 - 7*v - 21. Let r(w) = 6*o(w) + z(w). Calculate the remainder when (10/(-6))/((-2)/78) is divided by r(-7).
31
Suppose 4*g - 6*l + 29 = -5*l, -25 = 4*g + 3*l. Suppose 0 = 9*f + 97 + 92. Calculate the remainder when 39 is divided by g/f + (-124)/(-6).
18
Calculate the remainder when 164/((-7)/(-2)*7/98) is divided by 170.
146
Let g = -166 + 171. Suppose o + g = 50. Calculate the remainder when 264 is divided by o.
39
Let y be 6/4 - 488/(-16). Suppose -3*n = -5*s + 32, 5*s - 4*n = s + y. Let o = 138 + -127. What is the remainder when o is divided by s?
3
Let q = -331 - -426. Suppose 0 = -5*k + 12 + 63. Let g(x) = -x**2 + 14*x + 22. Calculate the remainder when q is divided by g(k).
4
Suppose 0 = 9*u - 109 - 108 + 28. Calculate the remainder when 374 is divided by u.
17
Let n = -18546 - -19487. Calculate the remainder when n is divided by 33.
17
Let z(x) = -x**3 - 62*x**2 - 227*x + 338. What is the remainder when 431 is divided by z(-58)?
47
Let l(f) = 33*f + 2288. What is the remainder when 471 is divided by l(-69)?
9
Suppose -u = -0*u - 8. Let m = 10733 + -10731. Calculate the remainder when (3 - 2) + u/2 is divided by m.
1
Suppose 0 = 5*q + 2*x + 553 + 1180, -q + 2*x = 349. Let y = 100 - q. What is the remainder when y is divided by 50?
47
Suppose -5*i - 34 = -59. Suppose 264 = i*h + 94. What is the remainder when h is divided by 18?
16
Let x = 1465 + -1444. Let l(n) = -n - 33. Let c(i) = 1. Let u(t) = -4*c(t) - l(t). Calculate the remainder when u(x) is divided by 13.
11
Suppose -10*w + 11*w - 2*i - 572 = 0, 5*i = -3*w + 1683. Let v = w + -479. Calculate the remainder when 173 is divided by v.
86
Suppose 3*m = -27, -3*u = 1642*m - 1638*m - 2832. Calculate the remainder when u is divided by 238.
4
Let a = 6259 + -5294. Calculate the remainder when 3862 is divided by a.
2
Let q(f) = -3*f**3 + 20*f**2 + 8*f - 9. Let y be q(9). Let r = 650 + y. What is the remainder when r is divided by 74?
72
Let t(k) = -26*k - 362. Let l be t(-14). Let u be (-7)/(-2)*-2*124. What is the remainder when (-5)/(20/u) - l is divided by 27?
26
Calculate the remainder when -1 - ((-2)/3 - 16401/63) is divided by 16.
4
Let p = 31 + -28. Suppose -p*u + 77 = 4*u. Suppose 18 = u*v - 9*v. Calculate the remainder when 70 is divided by v.
7
Suppose 4*y + 2*s = 510, y - 4*s + 15 = 138. Calculate the remainder when 881 is divided by y.
119
What is the remainder when ((-55)/(-5) - -307) + 10 is divided by 22?
20
Let u(j) = -j - 34. Calculate the remainder when 699 is divided by u(-61).
24
Suppose -2*c + 5*q = 3*c - 45, 0 = -q - 4. Suppose -3*z = -n + 2*n - 49, 4*z - c*n = 59. What is the remainder when 90 is divided by z?
10
Let j be (-7 - -8 - -1)/1. Suppose 0 = -21*m + 19*m + r + 108, -114 = -j*m + 4*r. Calculate the remainder when 97 is divided by m.
44
Let f = -1706 - -1751. What is the remainder when 256 is divided by f?
31
Suppose 0 = 4*o + o. Let f be o + (-3)/6*-8. Suppose -4*r + 21 = -2*i - 7, -24 = -f*r + 4*i. Calculate the remainder when r is divided by 4.
0
Let v(r) = 19*r - 181. What is the remainder when v(38) is divided by 8?
5
Suppose 3525 = -2*s + 28*s - 3027. Let v(q) = 7*q + 9. What is the remainder when s is divided by v(6)?
48
Let w(o) = o**2 + 41. Suppose -2*z + 4*j + 30 = 0, 54 = 5*z - 4*j - 27. Calculate the remainder when w(0) is divided by z.
7
Suppose -94*l + 169 = -3497. Let k(x) = 38*x**3 + 3*x**2 - 3*x. What is the remainder when k(2) is divided by l?
37
Let k be (228/(-10))/3 - (-39)/65. Let c be (1/(1/(-42)))/(-9 - k). What is the remainder when 87 is divided by 4/6 + 616/c?
27
Suppose 3*j - 8*j + 180 = 0. Suppose -j*y = -29*y + 574. Let b = 143 + y. Calculate the remainder when b is divided by 33.
28
Suppose 0 = 45*f + 29*f - 124246. What is the remainder when f is divided by 112?
111
Let b = 1223 + -769. Let q = b - 387. What is the remainder when 187 is divided by q?
53
Suppose -5*z - 3*x = -37, 5*z + 0*z = x + 41. Suppose 6*m + 108 = 8*m. What is the remainder when 744/m + (-6)/(-27) is divided by z?
6
Let h(f) = f**2 - 66*f - 9042. Suppose 3*y - 3*o = 129, -76 = -4*y - o + 76. Calculate the remainder when h(-68) is divided by y.
31
What is the remainder when 33639 is divided by (98/6)/((-10)/(-12)) - 42/(-105)?
19
Let w = 32269 - 32240. Suppose 3*i - 168 = i. Calculate the remainder when i is divided by w.
26
Let m(j) = -j**3 + 3*j**2 + 144*j - 24. Let a = 723 + -392. Calculate the remainder when a is divided by m(-11).
73
Suppose -6*c = -m - 4*c - 31, -2*m - 2*c - 44 = 0. What is the remainder when (m/5)/((-4)/44) is divided by 15?
10
Calculate the remainder when 530 is divided by (15 - 113)/(-14) + -3.
2
Let q = -11657 + 13704. Calculate the remainder when q is divided by 128.
127
Let g = 143 + -69. Calculate the remainder when -5*6/45 + g/3 is divided by 13.
11
Let c(y) be the first derivative of -y**4/4 - 20*y**3/3 - 17*y**2/2 - 63*y + 31. What is the remainder when c(-20) is divided by 14?
11
Let f = 7519 + -7489. What is the remainder when 308 is divided by f?
8
Suppose 425 = -5*f - d, 170 = -2*f - 4*d + d. Let p = -85 - f. Suppose 0*a - 2*a - 5*n + 18 = p, -n = 0. What is the remainder when 31 is divided by a?
4
Let i(h) = 2*h**3 - 16*h**2 + 7*h - 39. Let r be i(8). Suppose -n = -3, -4*f + f - 5*n + 24 = 0. What is the remainder when 50 is divided by f*r*(-5)/(-15)?
16
Let w(g) = -g**3 - 116*g**2 - 261*g - 1139. Calculate the remainder when w(-114) is divided by 82.
81
Let w = 117 + -117. Suppose w = 4*h - 5*p - 579, 3*p = 4*h + 2*p - 567. Calculate the remainder when h is divided by 29.
25
Suppose 6*b - 7*b = -54. Suppose -11*r + 5*r - b = 0. What is the remainder when 42 is divided by (-133)/r + 22/99?
12
Let d = -109 + 227. Suppose 503 - d = 7*a. What is the remainder when 217 is divided by a?
52
Suppose 0 = -345*s + 341*s + 712. What is the remainder when 705 is divided by s?
171
Let q(l) = 3*l - 47. What is the remainder when 562 is divided by q(47)?
92
Let l = 9347 - 9286. Calculate the remainder when l is divided by 47.
14
Let i = 331 + 717. Suppose -i - 2152 = -25*k. What is the remainder when k is divided by 63?
2
Calculate the remainder when 708 is divided by (0 - 4)/((16/4)/(-144)).
132
Suppose -511*w + 585 = -472*w. Let x(d) be the third derivative of -5*d**4/6 - 3*d**2. What is the remainder when x(-2) is divided by w?
10
Let g(n) = 10*n + 425. Let w(c) = c**3 - 6*c**2 + c - 2. Let d be w(6). Let a = 175 + d. What is the remainder when a is divided by g(-38)?
44
Suppose -60 = 5*r - 270. Let u(h) = 7*h**2 - 11*h - 1. What is the remain